ulate f(2).
0
Let k(c) = 76*c**2 + 1232*c + 53. What is k(-16)?
-203
Let r(w) = -2*w**3 + 6*w**2 + 1034*w - 3105. Determine r(3).
-3
Let d(u) = 7863*u - 23572. Give d(3).
17
Let b(a) = 769*a - 53868. What is b(70)?
-38
Let v(f) = -14617*f + 58044. Determine v(4).
-424
Let c(o) = o**3 + 39*o**2 - 1914*o - 47153. Give c(-58).
-57
Let k(h) = -4*h**2 - 28319*h - 311099. Determine k(-11).
-74
Let v(n) = -369*n**2 + 847*n - 6. Determine v(2).
212
Let l(g) = -1701*g + 12242. What is l(7)?
335
Let o(b) = -6*b**2 + 2455*b - 2777. Determine o(408).
79
Let u(g) = 53909*g + 161753. Determine u(-3).
26
Let o(i) = 6587*i - 303234. What is o(46)?
-232
Let t(l) = -14580*l - 1093497. Calculate t(-75).
3
Let c(u) = 5*u**2 - 11*u - 504. Determine c(-8).
-96
Let i(m) = 7*m**2 + 3251*m + 33194. Give i(-454).
52
Let z(n) = -n**3 + 35*n**2 + 28*n - 13. Calculate z(35).
967
Let p(g) = 3*g**3 + 1154*g**2 + 6485*g + 15921. What is p(-379)?
3
Let f(c) = 163878*c - 1311020. What is f(8)?
4
Let t(w) = -854*w + 23447. What is t(29)?
-1319
Let h(n) = 16*n**2 + 13784*n + 13783. What is h(-1)?
15
Let y(g) = 3*g**3 + 112*g**2 + 1723*g + 26285. Calculate y(-28).
-7
Let z(j) = -129*j**3 + 9935*j**2 - 150*j - 262. Calculate z(77).
46
Let c(k) = k**3 - 870*k**2 - 8110*k - 13803. Give c(-7).
-6
Let o(d) = 5*d**2 - 178*d + 1243. Give o(7).
242
Let v(q) = -q**3 + 91*q**2 + 1425*q + 395. Calculate v(105).
-4330
Let p(j) = j**2 + 1418*j + 71079. Determine p(-52).
47
Let b(t) = -859*t**2 - 154624*t - 625. Give b(-180).
95
Let n(g) = 13365*g + 1496880. Calculate n(-112).
0
Let w(r) = 6*r - 317. Determine w(56).
19
Let h(s) = -7*s**3 + 288*s**2 + 252*s - 45. Give h(42).
-45
Let f(k) = -13*k**3 - 4*k**2 + 550*k + 1624. Calculate f(-3).
289
Let w(s) = -24*s**2 + 6820*s - 1139. Determine w(284).
-3
Let x(q) = 5*q**2 + 19752*q + 607517. Calculate x(-31).
10
Let s(y) = 52*y + 6219. Determine s(-134).
-749
Let z(s) = -3*s**3 - 35*s**2 + 185*s - 432. Give z(-16).
-64
Let l(u) = u**2 - 8*u - 33121. What is l(186)?
-13
Let x(p) = p**3 - 49*p**2 - 114*p - 646. Calculate x(51).
-1258
Let b(x) = -3*x**2 + 57*x - 187. Give b(11).
77
Let l(r) = -642*r + 98261. What is l(152)?
677
Let r(h) = -5*h**3 + 71*h**2 + 80*h - 1388. Calculate r(14).
-72
Let l(a) = a**3 - 13*a**2 - 7*a + 296. What is l(10)?
-74
Let o(x) = -139759*x + 4192775. Give o(30).
5
Let m(d) = 17*d**2 + 44*d - 400. Give m(7).
741
Let z(l) = 5*l**2 - 647*l - 465. What is z(124)?
-3813
Let t(y) = -49*y**3 + 59*y**2 + 68*y + 3. Calculate t(-1).
43
Let l(t) = 134*t**2 - 8031*t - 382. Determine l(60).
158
Let r(l) = l**3 + 4*l**2 - 5*l + 35. What is r(-4)?
55
Let o(h) = 7565*h - 29982. Give o(4).
278
Let i(r) = 2271565*r - 65875391. Give i(29).
-6
Let t(n) = -189*n**2 + 23431*n + 424. Give t(124).
-196
Let u(d) = 6*d**3 - 22*d**2 - 18*d + 75. Give u(-2).
-25
Let m(t) = 2457*t + 145226. Give m(-59).
263
Let l(t) = -t**3 + 22*t**2 + 68*t + 68. Give l(26).
-868
Let l(i) = -49811*i - 4283751. Give l(-86).
-5
Let u(b) = -3891*b - 1085798. What is u(-279)?
-209
Let y(z) = 2*z**3 + 90*z**2 + 277*z + 1053. What is y(-42)?
3
Let g(x) = -5*x**2 - 10*x + 1320. Calculate g(14).
200
Let w(d) = 281*d**2 - 56*d + 244. Determine w(3).
2605
Let o(l) = -3*l**2 - 1076*l + 18061. Give o(16).
77
Let h(s) = -1420*s - 45453. What is h(-32)?
-13
Let c(g) = -323*g + 49479. Determine c(153).
60
Let k(h) = 20*h**2 - 504*h - 1729. Give k(-3).
-37
Let v(b) = -5*b**2 - 1289*b - 15915. What is v(-13)?
-3
Let d(s) = -15*s**3 + 165*s**2 - 18*s + 243. Give d(11).
45
Let i(r) = 2*r**3 - 1641*r**2 + 4245*r - 126787. Calculate i(818).
3
Let u(n) = -2081*n**3 - 2*n**2 + 61*n + 64. Give u(-1).
2082
Let i(t) = t**3 - 79*t**2 + 124*t - 3569. Determine i(78).
19
Let a(o) = -77*o**3 - 10475*o**2 - 397*o + 1503. What is a(-136)?
7
Let b(o) = o**3 - 5*o**2 - 591*o + 421. Give b(-23).
-798
Let q(c) = 4339*c - 85. Calculate q(0).
-85
Let a(x) = -16*x**3 - 100*x**2 + 397*x - 51. What is a(-9)?
-60
Let h(r) = 518*r + 7176. Give h(-16).
-1112
Let l(n) = -23*n**2 + 568*n - 2135. Determine l(20).
25
Let c(g) = -g**3 - 14*g**2 - 121*g - 964. What is c(-11)?
4
Let q(b) = 2801*b - 156863. Calculate q(56).
-7
Let i(j) = -290842*j - 290846. Calculate i(-1).
-4
Let o(r) = -2204*r + 74702. What is o(34)?
-234
Let t(d) = -216*d**2 + 7683*d + 3346. Calculate t(36).
-2
Let c(x) = 14*x**2 - 1059*x + 5535. What is c(70)?
5
Let q(y) = 2*y**3 - 220*y**2 + 428*y + 457. Determine q(108).
25
Let m(v) = 4*v**3 + 38*v**2 - 4766*v - 43038. Calculate m(-9).
18
Let a(w) = 15267*w - 10686914. Determine a(700).
-14
Let l(t) = -959*t - 6330. What is l(-7)?
383
Let f(a) = 72*a**2 - 885*a - 660. Determine f(13).
3
Let w(u) = u**2 - 67*u + 299. What is w(23)?
-713
Let a(s) = -s**3 - 4*s**2 + 20*s + 4. Give a(-8).
100
Let i(q) = -q**3 - 543*q**2 - 8917*q - 4539254. Calculate i(-542).
-4
Let v(l) = -l**3 + 100*l**2 - 2115*l - 427. What is v(69)?
1229
Let p(t) = 6*t**2 + 2713*t + 92175. What is p(-37)?
8
Let j(c) = 14950*c - 239146. What is j(16)?
54
Let s(p) = -1802*p - 156843. What is s(-87)?
-69
Let x(w) = -w**2 - 814*w - 54123. Calculate x(-73).
-30
Let p(d) = -25*d**2 + 1020*d + 93. Calculate p(42).
-1167
Let r(v) = 4139*v - 149053. What is r(36)?
-49
Let h(m) = 258*m**2 - 2*m + 173. What is h(0)?
173
Let c(i) = i**3 + 32*i**2 - 245*i - 735. Calculate c(-38).
-89
Let o(s) = -3*s**2 + 105*s - 117. Determine o(35).
-117
Let d(b) = -b**3 + 1052*b**2 - 12400*b - 83194. Calculate d(1040).
6
Let g(r) = 23790*r - 666110. Calculate g(28).
10
Let h(b) = -190*b**2 - 4515*b - 9034. Determine h(-2).
-764
Let m(g) = 635228*g - 5081851. What is m(8)?
-27
Let c(b) = -b**3 + 120*b**2 - 9*b + 1113. Give c(120).
33
Let d(v) = -3*v**2 + 118*v + 46. What is d(20)?
1206
Let d(o) = -3578*o - 157450. What is d(-44)?
-18
Let k(b) = -b**3 + 64*b**2 + 435*b + 4416. What is k(71)?
14
Let k(q) = 50*q + 2129. What is k(-57)?
-721
Let p(h) = 160*h**2 - 30391*h - 1712. What is p(190)?
-2
Let w(p) = -3*p**2 - 200*p + 356. What is w(-72)?
-796
Let f(l) = -55*l**2 - 3504*l + 7013. Give f(2).
-215
Let y(u) = -316*u**2 - 5369*u + 88. Determine y(-17).
37
Let k(a) = -18*a**2 - 148*a - 1422. Calculate k(-10).
-1742
Let c(j) = -17850*j + 89108. Calculate c(5).
-142
Let a(q) = -4545*q + 3995049. Give a(879).
-6
Let d(y) = -119*y**2 + 2444*y + 2447. What is d(-1)?
-116
Let q(k) = 2*k**3 - 250*k**2 - 6801*k - 1043. Calculate q(148).
-7
Let v(t) = t**3 - 30*t**2 - 1702*t + 266. Give v(-29).
5
Let h(c) = 2*c**3 + 58*c**2 + 24*c + 386. Calculate h(-29).
-310
Let j(f) = 1563*f + 20588. Give j(-13).
269
Let p(g) = -6*g**2 - 868*g + 61303. Determine p(52).
-57
Let o(h) = -2*h**3 - 217*h**2 - 5198*h - 1087. Determine o(-73).
8
Let c(q) = -311*q + 3968. Give c(10).
858
Let o(t) = -t**3 - 146*t**2 - 5054*t + 9534. Give o(-62).
-14
Let i(m) = 1116*m + 213867. Determine i(-191).
711
Let q(o) = -o**2 + 1565*o - 245705. What is q(1388)?
-29
Let b(m) = 3*m**3 - 858*m**2 + 7151*m + 90862. What is b(277)?
6
Let b(q) = -2*q**3 - 3*q**2 + 1465*q - 917. Calculate b(26).
-7
Let u(d) = -168470*d + 673910. Calculate u(4).
30
Let f(u) = u**3 - 115*u**2 + 562*u - 346. Determine f(110).
974
Let v(f) = -128*f + 3278. What is v(32)?
-818
Let v(l) = 29*l**2 + 1924*l - 17236. Calculate v(8).
12
Let m(f) = f**3 + 1222*f**2 - 6149*f - 17190. Determine m(-1227).
-12
Let b(r) = 40*r - 2777. What is b(65)?
-177
Let t(j) = -j**2 + 42*j + 161. Calculate t(42).
161
Let s(d) = -2*d**2 - 1132*d + 209617. Determine s(-713).
-5
Let w(i) = -2*i**3 + 52*i**2 - 117*i + 1672. Determine w(25).
-3
Let l(c) = 5*c**2 + 1035*c - 4395. Calculate l(-210).
-1245
Let l(y) = -425*y**2 + 4581*y + 1026. What is l(11)?
-8
Let n(o) = 23*o**2 - 141*o + 247. Calculate n(5).
117
Let r(i) = 233453*i + 466919. Give r(-2).
13
Let m(i) = -i**3 - 75*i**2 - 352*i - 137. Calculate m(-70).
3
Let q(f) = -f**2 + 48*f - 377. What is q(16)?
135
Let d(p) = -p**2 - 376*p - 32225. Give d(-132).
-17
Let j(d) = -649516*d + 49363222. What is j(76)?
6
Let y(w) = 2*w**3 + 14*w**2 + 8030*w + 48103. Calculate y(-6).
-5
Let o(m) = 95*m**2 - 2751*m + 35. Calculate o(29).
151
Let r(i) = 3*i**2 - 1168*i - 158720. Calculate r(496).
0
Let z(p) = -70*p - 3516. Calculate z(-54).
264
Let g(l) = l**2 - 165*l + 1257. Give g(163).
931
Let s(z) = 2*z**